80.
205
What is the greatest common divisor of 43375338 and 10?
2
What is the highest common factor of 7 and 260143086?
7
Calculate the greatest common factor of 24700 and 27543825.
475
Calculate the highest common factor of 87 and 646802979.
87
What is the highest common factor of 18898426 and 10?
2
What is the greatest common factor of 633 and 1903985508?
633
What is the highest common divisor of 306 and 1641537?
153
Calculate the greatest common factor of 706 and 5051077.
353
Calculate the greatest common factor of 24044302 and 592.
74
What is the highest common divisor of 232233333 and 12084?
3021
What is the highest common divisor of 375216313 and 13433?
1919
Calculate the greatest common factor of 249356 and 1118242.
386
What is the highest common divisor of 2112985 and 6935?
365
What is the highest common factor of 15571750 and 63680?
1990
Calculate the highest common divisor of 206137 and 1439993.
1483
Calculate the greatest common divisor of 595990 and 497443.
107
Calculate the highest common factor of 52645694 and 34333.
2641
Calculate the greatest common factor of 604 and 99408434.
302
What is the greatest common factor of 42522 and 12942354?
2238
What is the highest common divisor of 45 and 278757?
9
What is the highest common divisor of 412091144 and 8?
8
Calculate the greatest common factor of 2289 and 207515181.
327
Calculate the greatest common factor of 105157987 and 110.
11
What is the greatest common factor of 72351 and 1656?
9
What is the greatest common factor of 1224 and 72221508?
612
What is the highest common factor of 11276 and 69192355?
2819
What is the highest common factor of 187 and 16611331?
11
Calculate the greatest common divisor of 2194334 and 45784.
194
Calculate the highest common factor of 16368430 and 3690.
410
Calculate the highest common factor of 222181190 and 44.
22
Calculate the highest common factor of 658849368 and 24.
24
What is the greatest common divisor of 131 and 5209084?
131
Calculate the highest common factor of 43902 and 5217834.
1626
Calculate the greatest common divisor of 44013 and 10218783.
2589
What is the highest common divisor of 627262 and 10?
2
Calculate the greatest common factor of 37380 and 26690.
10
What is the highest common divisor of 22206795 and 23829?
1833
Calculate the greatest common factor of 13686 and 14148.
6
What is the highest common factor of 812 and 36406948?
116
What is the highest common divisor of 2745 and 952687935?
2745
What is the highest common factor of 1602 and 182805021?
801
Calculate the greatest common factor of 992134 and 242.
22
What is the greatest common divisor of 171 and 2809929?
57
What is the greatest common divisor of 519476 and 236?
4
Calculate the greatest common factor of 776 and 975881304.
776
Calculate the highest common divisor of 53922 and 31350.
1254
What is the greatest common divisor of 3588 and 246597?
39
What is the highest common factor of 1432 and 22993624?
1432
Calculate the highest common factor of 4500 and 1060250.
250
What is the greatest common factor of 68 and 64057887?
17
Calculate the highest common factor of 14 and 558728338.
14
Calculate the highest common divisor of 1280988 and 65772.
3132
What is the greatest common factor of 2990 and 227011265?
1495
What is the highest common factor of 8274 and 32006590?
2758
Calculate the highest common factor of 126 and 81161736.
6
What is the greatest common factor of 94120 and 598205?
905
Calculate the highest common divisor of 111451399 and 989.
989
Calculate the highest common divisor of 2136793 and 19.
1
What is the highest common divisor of 728 and 42217994?
182
Calculate the highest common divisor of 455 and 193465055.
35
Calculate the highest common factor of 5946487 and 133.
19
Calculate the highest common factor of 10805675 and 1450.
25
What is the greatest common factor of 6121606 and 1325?
53
What is the greatest common factor of 3776 and 60200384?
64
What is the greatest common divisor of 94489856 and 249?
83
Calculate the greatest common divisor of 345 and 3993881.
23
What is the highest common divisor of 354 and 40593534?
354
What is the greatest common factor of 2262 and 2133878?
58
Calculate the greatest common divisor of 1215873 and 62169.
159
What is the greatest common divisor of 2196792 and 44593?
2347
Calculate the greatest common divisor of 36523130 and 588.
98
Calculate the greatest common divisor of 782551 and 10241.
77
Calculate the highest common factor of 304954904 and 3771.
419
Calculate the highest common divisor of 43004638 and 19.
19
Calculate the highest common divisor of 748258 and 24766.
406
Calculate the greatest common divisor of 77712 and 20796.
12
Calculate the greatest common divisor of 18520 and 719000.
40
What is the highest common divisor of 5325 and 9886395?
1065
Calculate the greatest common factor of 5005 and 1175.
5
Calculate the highest common divisor of 980874 and 2700.
18
What is the greatest common factor of 2717 and 15010567?
143
Calculate the greatest common divisor of 47752778 and 3166.
3166
Calculate the highest common factor of 1 and 1624897.
1
Calculate the highest common divisor of 631571 and 5207.
127
Calculate the greatest common factor of 280413 and 477729.
63
Calculate the greatest common factor of 7960 and 116642855.
995
What is the highest common factor of 90579 and 50691?
831
Calculate the highest common factor of 960 and 10937280.
960
Calculate the highest common divisor of 24864949 and 1778.
127
What is the greatest common divisor of 370176061 and 15459?
5153
What is the greatest common factor of 14103155 and 605?
605
Calculate the highest common divisor of 1896 and 119476677.
237
Calculate the greatest common factor of 701499 and 1995.
57
What is the highest common factor of 154 and 125482?
14
What is the highest common factor of 101549 and 1098705?
89
Calculate the greatest common factor of 37618384 and 16.
16
What is the highest common factor of 632430 and 60?
30
Calculate the highest common divisor of 6472 and 9272.
8
What is the greatest common divisor of 29042 and 1171690?
26
What is the greatest common factor of 13294380 and 1068?
12
What is the highest common divisor of 110468 and 32?
4
Calculate the greatest common factor of 160530516 and 5436.
5436
What is the highest common divisor of 162 and 10590534?
54
What is the greatest common factor of 1484 and 3417841?
7
What is the highest common factor of 8897 and 3011491?
287
What is the highest common factor of 43 and 433502393?
43
Calculate the highest common divisor of 317 and 151.
1
What is the greatest common factor of 134601852 and 198?
66
What is the greatest common divisor of 853 and 23412291?
853
What is the highest common divisor of 167040 and 3690540?
5220
Calculate the highest common factor of 14 and 25337683.
7
What is the greatest common factor of 11709 and 81819?
9
Calculate the highest common divisor of 441195255 and 486.
81
What is the greatest common factor of 346843848 and 1854?
618
Calculate the highest common factor of 1498 and 38650112.
214
Calculate the highest common factor of 582884645 and 5403.
1801
Calculate the greatest common divisor of 76145 and 1950185.
485
What is the greatest common divisor of 1911 and 8788143?
273
Calculate the greatest common factor of 47625823 and 595.
119
Calculate the greatest common factor of 7841395 and 295.
295
Calculate the greatest common divisor of 76 and 533251948.
76
What is the greatest common divisor of 51939957 and 1212?
303
What is the greatest common divisor of 19197794 and 714?
238
What is the greatest common factor of 1234114 and 12336?
514
Calculate the greatest common divisor of 3511644 and 48.
12
Calculate the highest common divisor of 11728728 and 2277.
99
What is the highest common factor of 4805594 and 11900?
34
What is the greatest common divisor of 821 and 138283493?
821
What is the highest common divisor of 286766 and 5461?
127
Calculate the highest common factor of 86940 and 65090.
230
What is the highest common factor of 107289630 and 1890?
1890
What is the greatest common factor of 680 and 1606000?
40
What is the highest common factor of 2600 and 2873800?
200
What is the greatest common factor of 49742082 and 18?
18
What is the highest common factor of 68800 and 19398375?
1075
